{"id":2,"date":"2016-05-10T03:48:21","date_gmt":"2016-05-10T03:48:21","guid":{"rendered":"http:\/\/hirschteich-ballenstedt.de\/?page_id=2"},"modified":"2025-12-26T09:11:01","modified_gmt":"2025-12-26T09:11:01","slug":"wartungsarbeiten","status":"publish","type":"page","link":"https:\/\/hirschteich-ballenstedt.de\/?page_id=2","title":{"rendered":"Der Verein"},"content":{"rendered":"<p>Hallo und herzlich willkommen.<\/p>\n<p>Am 17.02.2018 gr\u00fcndete sich ein Verein mit dem Namen &#8222;F\u00f6rderverein Hirschteich e.V.&#8220;. Aufgrund \u00e4u\u00dferer Umst\u00e4nde, Dauerkrankheit der Gr\u00fcndungsmitglieder&nbsp; und dem in den folgenden Jahren erschwerter Bedingungen konnte der Verein&nbsp; sich leider nicht beim Amtsgericht eintragen.<\/p>\n<p>Nun wurde der Gedanke wieder Aufgegriffen und am 11.09.2021 der Verein rechtskr\u00e4ftig mit dem Namen &#8222;F\u00f6rderverein Hirschteich&nbsp; e.V.&#8220; gegr\u00fcndet. Am 03.11.2021 erhielten wir die offizielle Eintragung beim vom Amtsgericht. Der Verein wird nun unter der Registernummer VR 6012 gef\u00fchrt. Die anerkannte Satzung findet ihr unter Downloads.<br \/>\nAktuell erreicht Ihr den Verein unter vorstand(at)hirschteich-ballenstedt.de.<\/p>\n<p>Zum Verein z\u00e4hlen neun Gr\u00fcndungsmitglieder. Ziel und Zweck des Vereins ist es den Hirschteich in Ballenstedt wieder zu einem Badeteich herzurichten. Wenn Ihr uns unterst\u00fctzen wollt, k\u00f6nnt Ihr sobald das Konto er\u00f6ffnet wurde entweder als aktives Mitglied oder als F\u00f6rderer beitreten. Die Formulare werden&nbsp; sobald alles erledigt ist im Download bereit gestellt.<\/p>\n<p>Wir haben auch schon ein paar Termine. Am 22.11.2021 haben wir eine Einladung in das Rathaus der Stadt Ballenstedt. Hier werden wir uns dem Kulturausschuss vorstellen. Wir treffen uns jeden ersten Freitag im Monat im Geb\u00e4ude des Country-Club-Ballenstedt e.V. am Hirschteich um \u00fcber das weiter vorgehen und die weiteren Aufgaben zu reden. Vom 26.11.-28.11.2021 sind wir&nbsp; auf der Advendslust in Zusammenarbeit mit dem Country-Club-Ballenstedt e.V. vertreten. Hier werden wir ein paar Flyer auslegen und Ihr k\u00f6nnt uns gerne ansprechen. Am 11.12.2021 ist ein kleines Vorstellen am Hirschteich geplant. Hier wollen wir bei W\u00fcrstchen und Gl\u00fchwein mit interessierten B\u00fcrgern ins Gespr\u00e4ch kommen.&nbsp;<\/p>\n<p>Weiterhin m\u00f6chten wir hier auf der Seite alles zum Teich zusammentragen und euch mit neusten Informationen versorgen. Viele Bewohner der Stadt Ballenstedt haben hier am Teich das Schwimmen gelernt. Viele wissen wie kalt der Teich sein kann. Jeder der hier an diesem Teich war, hat sicher ein paar Erinnerungen an diesen sch\u00f6nen Ort.<\/p>\n<p>Es soll historisches und aktuelles zusammengetragen werden und auf der Seite geb\u00fcndelt erscheinen.<\/p>\n<p>Auch&nbsp; Kurzgeschichten zu erlebten am Hirschteich sollen ver\u00f6ffentlicht werden.<\/p>\n<p>Wer also Bilder, historische Texte oder Anekdoten zum Teich hat und diese gern kundtun m\u00f6chte ist herzlich eingeladen sich zu melden.<\/p>\n<h1 class=\"entry-title\">Der Teich<\/h1>\n<div class=\"entry-content\">\n<h4>Der Hirschteich ist ein k\u00fcnstlich angestautes Gew\u00e4sser im Wald s\u00fcdlich von Ballenstedt.<\/h4>\n<p>Urspr\u00fcnglich geh\u00f6rte der Teich der Stadt Ballenstedt, welche diesen im Jahr 1893 ver\u00e4u\u00dferte,&nbsp;um den herzoglichen&nbsp; Kaufberg zu erwerben. Die Stadt Ballenstedt blieb aber P\u00e4chter des Teiches. Der Teich wurde sehr lange als st\u00e4dtisch Badeanstalt genutzt.<\/p>\n<p>&nbsp;<\/p>\n<p>Er liegt etwa einen Kilometer von Ortsrand entfernt und wird von einem kleinen Gebirgsb\u00e4chlein, der Getel,&nbsp; gespeist. Aus diesem Grund ist der Teich im Sommer nicht sehr warm. Jeder der hier mal baden war wei\u00df wie kalt der Teich ist.<\/p>\n<\/div>\n<p>&nbsp;<\/p>\n","protected":false},"excerpt":{"rendered":"<p>Hallo und herzlich willkommen. Am 17.02.2018 gr\u00fcndete sich ein Verein mit dem Namen &#8222;F\u00f6rderverein Hirschteich e.V.&#8220;. Aufgrund \u00e4u\u00dferer Umst\u00e4nde, Dauerkrankheit der Gr\u00fcndungsmitglieder&nbsp; und dem in den folgenden Jahren erschwerter Bedingungen konnte der Verein&nbsp; sich leider nicht beim Amtsgericht eintragen. Nun &hellip; <a href=\"https:\/\/hirschteich-ballenstedt.de\/?page_id=2\">Weiterlesen <span class=\"meta-nav\">&rarr;<\/span><\/a><\/p>\n","protected":false},"author":1,"featured_media":0,"parent":0,"menu_order":0,"comment_status":"closed","ping_status":"closed","template":"elementor_theme","meta":{"ngg_post_thumbnail":0,"footnotes":""},"class_list":["post-2","page","type-page","status-publish","hentry"],"_links":{"self":[{"href":"https:\/\/hirschteich-ballenstedt.de\/index.php?rest_route=\/wp\/v2\/pages\/2","targetHints":{"allow":["GET"]}}],"collection":[{"href":"https:\/\/hirschteich-ballenstedt.de\/index.php?rest_route=\/wp\/v2\/pages"}],"about":[{"href":"https:\/\/hirschteich-ballenstedt.de\/index.php?rest_route=\/wp\/v2\/types\/page"}],"author":[{"embeddable":true,"href":"https:\/\/hirschteich-ballenstedt.de\/index.php?rest_route=\/wp\/v2\/users\/1"}],"replies":[{"embeddable":true,"href":"https:\/\/hirschteich-ballenstedt.de\/index.php?rest_route=%2Fwp%2Fv2%2Fcomments&post=2"}],"version-history":[{"count":22,"href":"https:\/\/hirschteich-ballenstedt.de\/index.php?rest_route=\/wp\/v2\/pages\/2\/revisions"}],"predecessor-version":[{"id":653,"href":"https:\/\/hirschteich-ballenstedt.de\/index.php?rest_route=\/wp\/v2\/pages\/2\/revisions\/653"}],"wp:attachment":[{"href":"https:\/\/hirschteich-ballenstedt.de\/index.php?rest_route=%2Fwp%2Fv2%2Fmedia&parent=2"}],"curies":[{"name":"wp","href":"https:\/\/api.w.org\/{rel}","templated":true}]}}